101
In base 15, what is 738e + -4?
738a
In base 9, what is -4 + -13056?
-13061
In base 13, what is -1a + -29?
-46
In base 8, what is -235625 - -11?
-235614
In base 16, what is 1 - -6a6?
6a7
In base 12, what is 1 + -175911?
-175910
In base 3, what is -12 + 201100101?
201100012
In base 12, what is 2b + 55a?
589
In base 11, what is 782590 - 4?
782587
In base 2, what is 1011010 - -1100011111?
1101111001
In base 9, what is 3 + 270361?
270364
In base 2, what is 11111 - 100010?
-11
In base 8, what is 0 - -1221516?
1221516
In base 10, what is -22349 + 2?
-22347
In base 8, what is -15 - 451025?
-451042
In base 6, what is 214 + 2010?
2224
In base 12, what is -319978 + -5?
-319981
In base 14, what is -2ab4 - -15?
-2a9d
In base 10, what is 428 + 0?
428
In base 10, what is -1435475 - -3?
-1435472
In base 10, what is 1845 - 13?
1832
In base 10, what is -622 - 193?
-815
In base 4, what is 210022 - -32?
210120
In base 14, what is -6 - cd8a?
-cd92
In base 5, what is 310 + 4310341?
4311201
In base 2, what is -10011011 - 10110101000101?
-10110111100000
In base 11, what is -52a + -56a?
-a99
In base 16, what is -16d9d - -4?
-16d99
In base 8, what is -3 + -62553?
-62556
In base 16, what is -829 + -104?
-92d
In base 12, what is -3 + 14686?
14683
In base 13, what is 9796 - 8?
978b
In base 11, what is 26 + -4657?
-4631
In base 8, what is 347 + -745?
-376
In base 5, what is -1310 - -224220?
222410
In base 6, what is 142 + -444?
-302
In base 3, what is 210002111 - -1?
210002112
In base 15, what is 48 - -1c5?
21d
In base 16, what is 7c0c + -3?
7c09
In base 2, what is -1001011 - -1101011100011?
1101010011000
In base 9, what is -325451 - -8?
-325442
In base 16, what is 18850 - 5?
1884b
In base 11, what is -47 + -62410?
-62457
In base 7, what is -60615 + 160?
-60425
In base 16, what is -5 - 2271?
-2276
In base 8, what is 3 + -103136?
-103133
In base 7, what is -123 + -10132?
-10255
In base 10, what is 133115 + 4?
133119
In base 9, what is 3 + -1606364?
-1606361
In base 6, what is 3 - -134414?
134421
In base 15, what is 1d3d - 5?
1d38
In base 9, what is -5 - -368333?
368327
In base 13, what is -15413 + -77?
-1548a
In base 10, what is 170 + -1334?
-1164
In base 12, what is 36ab8 - 17?
36aa1
In base 6, what is 1350 + -255?
1051
In base 10, what is 485 + 745?
1230
In base 3, what is 2210121011120 - -11?
2210121011201
In base 11, what is 12 + -a61?
-a4a
In base 12, what is 2752bb + 1?
275300
In base 12, what is 1923 + -46?
1899
In base 8, what is 523 - -3434?
4157
In base 13, what is 180 + 211?
391
In base 2, what is 101111 + -1100110011?
-1100000100
In base 12, what is -10444 - 4?
-10448
In base 16, what is -3 + -32a2?
-32a5
In base 7, what is 26 - -645?
1004
In base 5, what is 232 - 4303?
-4021
In base 10, what is -205 - -65?
-140
In base 9, what is -4 + 5420?
5415
In base 14, what is -110b + 8?
-1103
In base 11, what is -3a - 1877?
-1906
In base 9, what is -60 + 21860?
21800
In base 11, what is -32 - 1261?
-1293
In base 12, what is 1702 - -9?
170b
In base 14, what is -734 + -26?
-75a
In base 10, what is -2 - 10453?
-10455
In base 14, what is -35dad + -1?
-35db0
In base 15, what is 46e - 56?
418
In base 3, what is -1 - -2110211?
2110210
In base 5, what is -11230 + 4420?
-1310
In base 12, what is 0 + 2390?
2390
In base 3, what is -2002 - 222001101?
-222010110
In base 7, what is 0 + 1122665?
1122665
In base 11, what is -1a1a2 - 132?
-1a324
In base 7, what is -35 + 14211?
14143
In base 10, what is 2 + 89528?
89530
In base 2, what is 1 - 10000100010111?
-10000100010110
In base 9, what is -2805 + 54?
-2741
In base 15, what is -22dc - -22?
-22ba
In base 12, what is -3b6086 - -1?
-3b6085
In base 12, what is 8451 - -3?
8454
In base 8, what is -22 - -57540?
57516
In base 10, what is 3037 - -194?
3231
In base 13, what is 6529c + -21?
6527b
In base 3, what is -22222011020021 - 10?
-22222011020101
In base 2, what is -100100111 + 1100000?
-11000111
In base 10, what is 79404 - -2?
79406
In base 6, what is 13 + 531545?
532002
In base 3, what is 1001 + 12211011?
12212012
In base 15, what is -1b85 - -8?
-1b7c
In base 16, what is 293b - -5?
2940
In base 15, what is 116 - -5a1?
6b7
In base 9, what is -1 + -108872?
-108873
In base 5, what is 0 + 23444342?
23444342
In base 10, what is -46 - -638?
592
In base 6, what is 4 + 5503020?
5503024
In base 11, what is 3178a - -2?
31791
In base 4, what is -1 + -111031031?
-111031032
In base 16, what is -361 + 288?
-d9
In base 5, what is 31 - 11243?
-11212
In base 11, what is -2 + 2a97?
2a95
In base 7, what is 1 - -1423555?
1423556
In base 12, what is -1 + -b84b?
-b850
In base 8, what is 4 + 322544?
322550
In base 3, what is 202100 - -1202102?
2111202
In base 14, what is 5 + -c58d?
-c588
In base 6, what is -10014545 - -2?
-10014543
In base 4, what is -1313102010 - 0?
-1313102010
In base 12, what is -73a2 + 3?
-739b
In base 6, what is -15004 - -32?
-14532
In base 13, what is -891 + -19?
-8aa
In base 13, what is 2 + -12?
-10
In base 14, what is -336 - cc?
-424
In base 5, what is 20002 + -203?
14244
In base 16, what is -8c3 + 0?
-8c3
In base 11, what is 7639 - 6?
7633
In base 2, what is -110111010100101110 - -10?
-110111010100101100
In base 15, what is b96c - -e?
b97b
In base 9, what is -22 - 6818?
-6841
In base 14, what is -113 - -8ad?
79a
In base 2, what is -110101100 + -101101100?
-1100011000
In base 11, what is 55188 + -6?
55182
In base 13, what is 732 + 2a?
75c
In base 12, what is -2 - 3762?
-3764
In base 15, what is 23 + 1bdc?
1c10
In base 11, what is -30250 + 13?
-30238
In base 4, what is 321330222 + -3?
321330213
In base 3, what is -10 + 1102210022?
1102210012
In base 13, what is 0 - -1bbb21?
1bbb21
In base 2, what is -1011110001111000 - -10?
-1011110001110110
In base 11, what is 1a + -3a281?
-3a262
In base 12, what is 12b9 + 91?
138a
In base 2, what is 100111011110011 + 10001?
100111100000100
In base 6, what is -21 + 145031?
145010
In base 8, what is 32357 + 2?
32361
In base 13, what is 5429 + 1?
542a
In base 16, what is 0 - -258f5?
258f5
In base 14, what is 47 - 687?
-640
In base 10, what is 1004582 + -1?
1004581
In base 5, what is -3042224100 - -3?
-3042224042
In base 4, what is -32 + -211323?
-212021
In base 16, what is 0 + -4bf69?
-4bf69
In base 5, what is -310442023 + -1?
-310442024
In base 10, what is 131 - -334?
465
In base 15, what is -2 + 5897d?
5897b
In base 2, what is -1001110011000000 + -1?
-1001110011000001
In base 10, what is 4885 + -3?
4882
In base 9, what is 7623 - 25?
7587
In base 6, what is 0 + 2353145?
2353145
In base 3, what is -11 - -102021012?
102021001
In base 14, what is -39 - 449b?
-44d6
In base 11, what is -79a168 + 5?
-79a163
In base 8, what is 101 - 52773?
-52672
In base 2, what is 10000010111110100101 - 111?
10000010111110011110
In base 13, what is a + -1411?
-1404
In base 13, what is -3 + -58c7?
-58ca
In base 5, what is -4 + -441440?
-441444
In base 2, what is -10011110 - 100000?
-10111110
In base 16, what is 4 + 81e60?
81e64
In base 14, what is -513 - 6ac?
-bc1
In base 6, what is -453401 + -102?
-453503
In base 5, what is -12442 - 3?
-13000
In base 2, what is 1011110 + -1100101111111?
-1100100100001
In base 15, what is -61e1 + 2?
-61de
In base 14, what is 13 + 29494?
294a7
In base 8, what is -367454 + -15?
-367471
In base 14, what is 18a5 - -196?
1a5b
In base 4, what is 10 - -3033323?
3033333
In base 7, what is 2312 - -104?
2416
In base 13, what is -178 - -4b?
-12a
In base 16, what is -b9 - 288?
-341
In base 10, what is -3 + -3626?
-3629
In base 4, what is 20301 - -10?
20311
In base 10, what is -3046 - -2?
-3044
In base 8, what is 4620 + -5?
4613
In base 10, what is -95564 - 12?
-95576
In base 6, what is 51 - 20514?
-20423
In base 8, what is 43706 + 0?
43706
In base 5, what is 2214104 - -10?
2214114
In base 5, what is -23 - -10344141?
10344113
In base 8, what is 1120 - -12?
1132
In base 6, what is -5 - -13521?
13512
In base 11, what is 0 + -651a61?
-651a61
In base 12, what is 327975 - 3?
327972
In base 6, what is -22300 + -10?
-22310
In base 14, what is a1 - 4?
9b
In base 6, what is -1220 + 221?
-555
In base 11, what is 116 - -43?
159
In base 14, what is -1dc + -3ad?
-5ab
In base 8, what is -36 - 1054?
-1112
In base 5, what is 10444 + -4?
10440
In base 9, what is -4 + 7340?
7335
In base 15, what is -52 - 23671?
-236c